{"id":50,"date":"2010-03-08T10:10:50","date_gmt":"2010-03-08T10:10:50","guid":{"rendered":"http:\/\/tripodart.net\/cursos\/?page_id=50"},"modified":"2021-01-19T10:40:26","modified_gmt":"2021-01-19T10:40:26","slug":"quien-da-los-cursos","status":"publish","type":"page","link":"https:\/\/tripodart.net\/cursos\/quien-da-los-cursos\/","title":{"rendered":"Hola, soy Martino Buzzi"},"content":{"rendered":"\n<p>Soy una persona creativa. Me gusta la m\u00fasica, la pizza y a veces dormir hasta tarde. Soy licenciado en Cinematograf\u00eda y fot\u00f3grafo profesional con 20 a\u00f1os de carrera. Vivo con mi mujer y mis dos hijas en Valencia y disfruto de esta ciudad con su clima, sus playas y su exquisitas paellas.<\/p>\n\n\n\n<figure class=\"wp-block-image size-large\"><img decoding=\"async\" src=\"https:\/\/lh3.googleusercontent.com\/fBTjSi5KJvKMYAv-cuFQQg7XdSvko2JJBj7h_2pjctuzYxGMbG9UPgPJFNRNspX49BlV1XHviDid8fX4fF8hSQlvSmVM6NxOzgd8yaYWRX-wvubU-vGpEn4rQQyUf7yHrjoLCyW4syHeDwslruMzSELitSyq-rXcLIFLHgElT6sLk0gjSIdQpmJxY99AbZgt-O_1Q4rPEG6Tdf-3XHdmZygA604TjTU48SMrMqpTUk_KC_eFZ7j-bOI4m2vCqdEesyWr3YLfyg90UfvJ8V8fKErn0vdJfNXpKJHxk0zpIKvjcmsK52dtnrTWRj4JMT8OhFoyTLkVV1cMS9lZWEM_rjhNERyqpES6sChwNq0mdTe4I-c5xb437rOaWuyMEP9J4xOnoNjQBNGwUZGmS8In88TnzOUsTf5r_o7ZYos62z84skxWEMLzu5TjcYS1euLyMCHlFSPnhhfjBRpUg11ya0T3febyq1DACqASRAUlMY8ueHqegHI3Y1O34puTaDkzs0Yp5659ymUtuga4KOqAoifiyPHIUqm7yK5DH1M6V_Ch0L5iMCFijwDjmJX591zUI7yIZmdIuP2wZhQl1y0ItySLieDBjntOUe4gtuVuW9HiIDH1pITu8XlbQUHbHnzRqByjYyhKk0g8DSgu6v8Y3UyhzAQK-l6iGxsiP8bLM3PIMik_ikxf0xg1wGawQx7-HR3PHiefFxjJxFHYNjcEqWM7Mq3sJ2lDFV96QVLK4GaCsMS0=w1424-h949-no\" alt=\"Martino Buzzi fot\u00f3grafo\"\/><\/figure>\n\n\n\n<p>Mi experiencia fotogr\u00e1fica remonta a la era de los carretes y al cuarto oscuro y se extiende en el campo digital, la fotograf\u00eda de estudio, de retrato y reportajes de eventos. Me gusta experimentar y probar cosas nuevas.<\/p>\n\n\n\n<p>Desde 2009 me he especializado en <a rel=\"noopener noreferrer\" href=\"http:\/\/www.studioboda.com\/blog\" target=\"_blank\">Reportajes de Boda de autor con Studio Boda<\/a>. He fotografiado cientos de parejas incre\u00edbles en toda Espa\u00f1a y en diversos pa\u00edses europeos. <strong>Amo mi trabajo<\/strong>. La fotograf\u00eda de boda ha dado grandes satisfacciones: me ha permitido crear libremente y conocer personas maravillosas. <\/p>\n\n\n\n<p>No me siento el mejor fot\u00f3grafo del mundo, ni siquiera quiz\u00e1s sea el mejor de mi casa (<a href=\"#fotopalo\">mi hija Paloma<\/a> tiene muy buen ojo). En los a\u00f1os he ido evolucionando y aprendiendo de colegas que admiro y con los cuales he compartido cursos y experiencias. Creo que siempre que hay margen para mejorar y el secreto es no conformarse nunca. Sigo aprendiendo todo los d\u00edas.<\/p>\n\n\n\n<p>Me gusta compartir mi experiencia y ayudar otros fot\u00f3grafos a descubrir su talento. Es una gran satisfacci\u00f3n ver algunos de mis ex-alumnos que han mejorado y superado dificultades. Con muchos de ellos sigo en contacto y hoy trabajan y disfrutan como fot\u00f3grafos. <\/p>\n\n\n\n<figure class=\"wp-block-image size-large\"><img decoding=\"async\" loading=\"lazy\" width=\"800\" height=\"533\" src=\"https:\/\/tripodart.net\/cursos\/wp-content\/uploads\/2013\/05\/palermo-056BZM_8386.jpg\" alt=\"workshop foto de boda (20)\" class=\"wp-image-1101\" srcset=\"https:\/\/tripodart.net\/cursos\/wp-content\/uploads\/2013\/05\/palermo-056BZM_8386.jpg 800w, https:\/\/tripodart.net\/cursos\/wp-content\/uploads\/2013\/05\/palermo-056BZM_8386-650x433.jpg 650w\" sizes=\"(max-width: 800px) 100vw, 800px\" \/><figcaption>Curso de fotograf\u00eda en Escuela Motivarte &#8211; Buenos Aires<\/figcaption><\/figure>\n\n\n\n<p>Desde que soy peque\u00f1o, siempre me he trasteado con ordenadores y inform\u00e1tica. En los a\u00f1os he ido aprendiendo de forma autodidacta como realizar sitios web eficaces. Poco a poco he aprendido las reglas para ense\u00f1ar de la mejor forma el trabajo de un fot\u00f3grafo. <\/p>\n\n\n\n<p>Me he interesado de Marketing porque es algo necesario y indispensable para cualquier empresa y en especial en la fotograf\u00eda. He aprendido las bases del copywriting que es el arte de la escritura persuasiva y por otro lado como hacer para que Google encuentre una web.<\/p>\n\n\n\n<p>Soy fundador y director de la comunidad <a href=\"http:\/\/www.fotografos-de-boda.net\">www.fotografos-de-boda.net<\/a>. Un colectivo de fot\u00f3grafos que re\u00fane a m\u00e1s de 400 profesionales en Espa\u00f1a y en el extranjero.<\/p>\n\n\n\n<figure class=\"wp-block-image size-large\" id=\"fotopalo\"><img decoding=\"async\" loading=\"lazy\" width=\"1024\" height=\"335\" src=\"https:\/\/tripodart.net\/cursos\/wp-content\/uploads\/2021\/01\/IMG_6227-1024x335.jpg\" alt=\"\" class=\"wp-image-3345\" srcset=\"https:\/\/tripodart.net\/cursos\/wp-content\/uploads\/2021\/01\/IMG_6227-1024x335.jpg 1024w, https:\/\/tripodart.net\/cursos\/wp-content\/uploads\/2021\/01\/IMG_6227-620x203.jpg 620w, https:\/\/tripodart.net\/cursos\/wp-content\/uploads\/2021\/01\/IMG_6227-768x251.jpg 768w, https:\/\/tripodart.net\/cursos\/wp-content\/uploads\/2021\/01\/IMG_6227-1536x502.jpg 1536w, https:\/\/tripodart.net\/cursos\/wp-content\/uploads\/2021\/01\/IMG_6227.jpg 1639w\" sizes=\"(max-width: 1024px) 100vw, 1024px\" \/><figcaption>Foto de Paloma Buzzi<\/figcaption><\/figure>\n\n\n\n<p>He impartido decenas de workshops en Espa\u00f1a, Italia, Portugal y Sudamerica. En 2014 he publicado <a href=\"http:\/\/tripodart.net\/cursos\/comprar-on-line-el-libro-fotografia-de-boda-contemporanea\/\">mi libro: \u00abFotograf\u00eda de Boda Contempor\u00e1nea\u00bb<\/a> que ha ayudado a cientos de fot\u00f3grafos a crecer y evolucionar.<\/p>\n\n\n\n<ul><li>Visita mi<a rel=\"noopener noreferrer\" href=\"http:\/\/www.martinobuzzi.com\" target=\"_blank\">&nbsp;Sito personal<\/a>: <a href=\"http:\/\/www.martinobuzzi.com\">www.martinobuzzi.com<\/a><\/li><li>El sitio web con mi trabajo como fot\u00f3grafo de boda: <a href=\"http:\/\/www.studioboda.com\">www.studioboda.com<\/a><\/li><li>Mi perfil Facebook:&nbsp;<a rel=\"noopener noreferrer\" href=\"http:\/\/facebook.com\/martino.studioboda\" target=\"_blank\">http:\/\/facebook.com\/martino.studioboda<\/a><\/li><li>Instagram:&nbsp;<a href=\"https:\/\/instagram.com\/martinobuzzi\/\">https:\/\/instagram.com\/martinobuzzi\/<\/a><\/li><\/ul>\n\n\n\n<div style=\"height:100px\" aria-hidden=\"true\" class=\"wp-block-spacer\"><\/div>\n\n\n\n<div class=\"wp-block-buttons is-layout-flex wp-block-buttons-is-layout-flex\">\n<div class=\"wp-block-button\"><a class=\"wp-block-button__link\" href=\"http:\/\/www.studioboda.com\" target=\"_blank\" rel=\"noreferrer noopener\">Studio Boda<\/a><\/div>\n\n\n\n<div class=\"wp-block-button\"><a class=\"wp-block-button__link has-white-color has-vivid-cyan-blue-background-color has-text-color has-background\" href=\"ttp:\/\/facebook.com\/martino.studioboda\">Facebook<\/a><\/div>\n\n\n\n<div class=\"wp-block-button\"><a class=\"wp-block-button__link has-cyan-bluish-gray-background-color has-background\" href=\"www.martinobuzzi.com\" target=\"_blank\" rel=\"noreferrer noopener\">MartinoBuzzi.com<\/a><\/div>\n\n\n\n<div class=\"wp-block-button\"><a class=\"wp-block-button__link has-vivid-purple-background-color has-background\" href=\"\" target=\"_blank\" rel=\"noreferrer noopener\">Instagram<\/a><\/div>\n<\/div>\n\n\n\n<div style=\"height:100px\" aria-hidden=\"true\" class=\"wp-block-spacer\"><\/div>\n\n\n\n<p><strong>Curriculum<\/strong>:<\/p>\n\n\n\n<blockquote class=\"wp-block-quote\"><p>\u00abFot\u00f3grafo italiano ha trabajado durante a\u00f1os para prensa, moda y grandes eventos realizando reportajes para marcas como Audi, Armani, Tele 2, Orange. Sus fotos han sido publicadas en varias revistas, libros y peri\u00f3dicos.<br>En 2003 participa en la \u00abBienal de Valencia\u00bb acompa\u00f1ando el fot\u00f3grafo Sebastiao Salgado durante un mes.<br>Ha resultado premiado en diversos concursos fotogr\u00e1ficos entre los cuales el 4\u00ba Premio Reina Sofia en 2008<br>Desde 2008 se dedica a la fotograf\u00eda de casamiento artistica, retratando los novios desde una nueva perspectiva. (www.studioboda.com)<br>Impulsa en Espa\u00f1a un nuevo estilo de reportajes de casamiento, modernos y din\u00e1micos, mezclando t\u00e9cnicas de fotoperiodismo y retratos ambientados. Fundador y administrador de la red \u00abFotografos de Boda en Espa\u00f1a\u00bb (http:\/\/www.fotografos-de-boda.net), una comunidad que re\u00fane m\u00e1s de 300 fot\u00f3grafos&nbsp;profesionales del sector.<br>Desde 2010 imparte workshops ense\u00f1ando su forma de trabajo y ayudando otros fot\u00f3grafos a descubrir una nueva forma de ver la fotograf\u00eda de casamiento. En los \u00faltimos a\u00f1os ha participado en workshops con algunos de los mejores fot\u00f3grafos de casamiento del mundo como Todd Laffler (USA), Daniel Aguilar (MEX), Dennis Berti (IT).\u00bb<\/p><\/blockquote>\n","protected":false},"excerpt":{"rendered":"<p>Soy una persona creativa. Me gusta la m\u00fasica, la pizza y a veces dormir hasta tarde. Soy licenciado en Cinematograf\u00eda y fot\u00f3grafo profesional con 20 a\u00f1os de carrera. Vivo con mi mujer y mis dos hijas en Valencia y disfruto de esta ciudad con su clima, sus playas y su exquisitas paellas. Mi experiencia fotogr\u00e1fica [&hellip;]<\/p>\n","protected":false},"author":1,"featured_media":1887,"parent":0,"menu_order":6,"comment_status":"closed","ping_status":"closed","template":"","meta":{"footnotes":""},"yoast_head":"<!-- This site is optimized with the Yoast SEO plugin v22.6 - https:\/\/yoast.com\/wordpress\/plugins\/seo\/ -->\n<title>Hola, soy Martino Buzzi - Cursos de Fotograf\u00eda | Tripodart<\/title>\n<meta name=\"robots\" content=\"index, follow, max-snippet:-1, max-image-preview:large, max-video-preview:-1\" \/>\n<link rel=\"canonical\" href=\"https:\/\/tripodart.net\/cursos\/quien-da-los-cursos\/\" \/>\n<meta property=\"og:locale\" content=\"es_ES\" \/>\n<meta property=\"og:type\" content=\"article\" \/>\n<meta property=\"og:title\" content=\"Hola, soy Martino Buzzi - Cursos de Fotograf\u00eda | Tripodart\" \/>\n<meta property=\"og:description\" content=\"Soy una persona creativa. Me gusta la m\u00fasica, la pizza y a veces dormir hasta tarde. Soy licenciado en Cinematograf\u00eda y fot\u00f3grafo profesional con 20 a\u00f1os de carrera. Vivo con mi mujer y mis dos hijas en Valencia y disfruto de esta ciudad con su clima, sus playas y su exquisitas paellas. Mi experiencia fotogr\u00e1fica [&hellip;]\" \/>\n<meta property=\"og:url\" content=\"https:\/\/tripodart.net\/cursos\/quien-da-los-cursos\/\" \/>\n<meta property=\"og:site_name\" content=\"Cursos de Fotograf\u00eda | Tripodart\" \/>\n<meta property=\"article:publisher\" content=\"https:\/\/www.facebook.com\/tripodart.cursos\/\" \/>\n<meta property=\"article:modified_time\" content=\"2021-01-19T10:40:26+00:00\" \/>\n<meta property=\"og:image\" content=\"https:\/\/tripodart.net\/cursos\/wp-content\/uploads\/2015\/02\/martino-buzzi-big-mail-photo.jpg\" \/>\n\t<meta property=\"og:image:width\" content=\"200\" \/>\n\t<meta property=\"og:image:height\" content=\"200\" \/>\n\t<meta property=\"og:image:type\" content=\"image\/jpeg\" \/>\n<meta name=\"twitter:card\" content=\"summary_large_image\" \/>\n<meta name=\"twitter:label1\" content=\"Tiempo de lectura\" \/>\n\t<meta name=\"twitter:data1\" content=\"4 minutos\" \/>\n<script type=\"application\/ld+json\" class=\"yoast-schema-graph\">{\"@context\":\"https:\/\/schema.org\",\"@graph\":[{\"@type\":\"WebPage\",\"@id\":\"https:\/\/tripodart.net\/cursos\/quien-da-los-cursos\/\",\"url\":\"https:\/\/tripodart.net\/cursos\/quien-da-los-cursos\/\",\"name\":\"Hola, soy Martino Buzzi - Cursos de Fotograf\u00eda | Tripodart\",\"isPartOf\":{\"@id\":\"https:\/\/tripodart.net\/cursos\/#website\"},\"primaryImageOfPage\":{\"@id\":\"https:\/\/tripodart.net\/cursos\/quien-da-los-cursos\/#primaryimage\"},\"image\":{\"@id\":\"https:\/\/tripodart.net\/cursos\/quien-da-los-cursos\/#primaryimage\"},\"thumbnailUrl\":\"https:\/\/tripodart.net\/cursos\/wp-content\/uploads\/2015\/02\/martino-buzzi-big-mail-photo.jpg\",\"datePublished\":\"2010-03-08T10:10:50+00:00\",\"dateModified\":\"2021-01-19T10:40:26+00:00\",\"breadcrumb\":{\"@id\":\"https:\/\/tripodart.net\/cursos\/quien-da-los-cursos\/#breadcrumb\"},\"inLanguage\":\"es\",\"potentialAction\":[{\"@type\":\"ReadAction\",\"target\":[\"https:\/\/tripodart.net\/cursos\/quien-da-los-cursos\/\"]}]},{\"@type\":\"ImageObject\",\"inLanguage\":\"es\",\"@id\":\"https:\/\/tripodart.net\/cursos\/quien-da-los-cursos\/#primaryimage\",\"url\":\"https:\/\/tripodart.net\/cursos\/wp-content\/uploads\/2015\/02\/martino-buzzi-big-mail-photo.jpg\",\"contentUrl\":\"https:\/\/tripodart.net\/cursos\/wp-content\/uploads\/2015\/02\/martino-buzzi-big-mail-photo.jpg\",\"width\":200,\"height\":200},{\"@type\":\"BreadcrumbList\",\"@id\":\"https:\/\/tripodart.net\/cursos\/quien-da-los-cursos\/#breadcrumb\",\"itemListElement\":[{\"@type\":\"ListItem\",\"position\":1,\"name\":\"Portada\",\"item\":\"https:\/\/tripodart.net\/cursos\/\"},{\"@type\":\"ListItem\",\"position\":2,\"name\":\"Hola, soy Martino Buzzi\"}]},{\"@type\":\"WebSite\",\"@id\":\"https:\/\/tripodart.net\/cursos\/#website\",\"url\":\"https:\/\/tripodart.net\/cursos\/\",\"name\":\"Cursos de Fotograf\u00eda | Tripodart\",\"description\":\"Formaci\u00f3n para fot\u00f3grafos \",\"publisher\":{\"@id\":\"https:\/\/tripodart.net\/cursos\/#organization\"},\"potentialAction\":[{\"@type\":\"SearchAction\",\"target\":{\"@type\":\"EntryPoint\",\"urlTemplate\":\"https:\/\/tripodart.net\/cursos\/?s={search_term_string}\"},\"query-input\":\"required name=search_term_string\"}],\"inLanguage\":\"es\"},{\"@type\":\"Organization\",\"@id\":\"https:\/\/tripodart.net\/cursos\/#organization\",\"name\":\"Tripodart\",\"url\":\"https:\/\/tripodart.net\/cursos\/\",\"logo\":{\"@type\":\"ImageObject\",\"inLanguage\":\"es\",\"@id\":\"https:\/\/tripodart.net\/cursos\/#\/schema\/logo\/image\/\",\"url\":\"https:\/\/tripodart.net\/cursos\/wp-content\/uploads\/2015\/08\/nuevo-logo-tripodart.jpg\",\"contentUrl\":\"https:\/\/tripodart.net\/cursos\/wp-content\/uploads\/2015\/08\/nuevo-logo-tripodart.jpg\",\"width\":500,\"height\":181,\"caption\":\"Tripodart\"},\"image\":{\"@id\":\"https:\/\/tripodart.net\/cursos\/#\/schema\/logo\/image\/\"},\"sameAs\":[\"https:\/\/www.facebook.com\/tripodart.cursos\/\",\"https:\/\/www.instagram.com\/tripod.art\/\"]}]}<\/script>\n<!-- \/ Yoast SEO plugin. -->","yoast_head_json":{"title":"Hola, soy Martino Buzzi - Cursos de Fotograf\u00eda | Tripodart","robots":{"index":"index","follow":"follow","max-snippet":"max-snippet:-1","max-image-preview":"max-image-preview:large","max-video-preview":"max-video-preview:-1"},"canonical":"https:\/\/tripodart.net\/cursos\/quien-da-los-cursos\/","og_locale":"es_ES","og_type":"article","og_title":"Hola, soy Martino Buzzi - Cursos de Fotograf\u00eda | Tripodart","og_description":"Soy una persona creativa. Me gusta la m\u00fasica, la pizza y a veces dormir hasta tarde. Soy licenciado en Cinematograf\u00eda y fot\u00f3grafo profesional con 20 a\u00f1os de carrera. Vivo con mi mujer y mis dos hijas en Valencia y disfruto de esta ciudad con su clima, sus playas y su exquisitas paellas. Mi experiencia fotogr\u00e1fica [&hellip;]","og_url":"https:\/\/tripodart.net\/cursos\/quien-da-los-cursos\/","og_site_name":"Cursos de Fotograf\u00eda | Tripodart","article_publisher":"https:\/\/www.facebook.com\/tripodart.cursos\/","article_modified_time":"2021-01-19T10:40:26+00:00","og_image":[{"width":200,"height":200,"url":"https:\/\/tripodart.net\/cursos\/wp-content\/uploads\/2015\/02\/martino-buzzi-big-mail-photo.jpg","type":"image\/jpeg"}],"twitter_card":"summary_large_image","twitter_misc":{"Tiempo de lectura":"4 minutos"},"schema":{"@context":"https:\/\/schema.org","@graph":[{"@type":"WebPage","@id":"https:\/\/tripodart.net\/cursos\/quien-da-los-cursos\/","url":"https:\/\/tripodart.net\/cursos\/quien-da-los-cursos\/","name":"Hola, soy Martino Buzzi - Cursos de Fotograf\u00eda | Tripodart","isPartOf":{"@id":"https:\/\/tripodart.net\/cursos\/#website"},"primaryImageOfPage":{"@id":"https:\/\/tripodart.net\/cursos\/quien-da-los-cursos\/#primaryimage"},"image":{"@id":"https:\/\/tripodart.net\/cursos\/quien-da-los-cursos\/#primaryimage"},"thumbnailUrl":"https:\/\/tripodart.net\/cursos\/wp-content\/uploads\/2015\/02\/martino-buzzi-big-mail-photo.jpg","datePublished":"2010-03-08T10:10:50+00:00","dateModified":"2021-01-19T10:40:26+00:00","breadcrumb":{"@id":"https:\/\/tripodart.net\/cursos\/quien-da-los-cursos\/#breadcrumb"},"inLanguage":"es","potentialAction":[{"@type":"ReadAction","target":["https:\/\/tripodart.net\/cursos\/quien-da-los-cursos\/"]}]},{"@type":"ImageObject","inLanguage":"es","@id":"https:\/\/tripodart.net\/cursos\/quien-da-los-cursos\/#primaryimage","url":"https:\/\/tripodart.net\/cursos\/wp-content\/uploads\/2015\/02\/martino-buzzi-big-mail-photo.jpg","contentUrl":"https:\/\/tripodart.net\/cursos\/wp-content\/uploads\/2015\/02\/martino-buzzi-big-mail-photo.jpg","width":200,"height":200},{"@type":"BreadcrumbList","@id":"https:\/\/tripodart.net\/cursos\/quien-da-los-cursos\/#breadcrumb","itemListElement":[{"@type":"ListItem","position":1,"name":"Portada","item":"https:\/\/tripodart.net\/cursos\/"},{"@type":"ListItem","position":2,"name":"Hola, soy Martino Buzzi"}]},{"@type":"WebSite","@id":"https:\/\/tripodart.net\/cursos\/#website","url":"https:\/\/tripodart.net\/cursos\/","name":"Cursos de Fotograf\u00eda | Tripodart","description":"Formaci\u00f3n para fot\u00f3grafos ","publisher":{"@id":"https:\/\/tripodart.net\/cursos\/#organization"},"potentialAction":[{"@type":"SearchAction","target":{"@type":"EntryPoint","urlTemplate":"https:\/\/tripodart.net\/cursos\/?s={search_term_string}"},"query-input":"required name=search_term_string"}],"inLanguage":"es"},{"@type":"Organization","@id":"https:\/\/tripodart.net\/cursos\/#organization","name":"Tripodart","url":"https:\/\/tripodart.net\/cursos\/","logo":{"@type":"ImageObject","inLanguage":"es","@id":"https:\/\/tripodart.net\/cursos\/#\/schema\/logo\/image\/","url":"https:\/\/tripodart.net\/cursos\/wp-content\/uploads\/2015\/08\/nuevo-logo-tripodart.jpg","contentUrl":"https:\/\/tripodart.net\/cursos\/wp-content\/uploads\/2015\/08\/nuevo-logo-tripodart.jpg","width":500,"height":181,"caption":"Tripodart"},"image":{"@id":"https:\/\/tripodart.net\/cursos\/#\/schema\/logo\/image\/"},"sameAs":["https:\/\/www.facebook.com\/tripodart.cursos\/","https:\/\/www.instagram.com\/tripod.art\/"]}]}},"_links":{"self":[{"href":"https:\/\/tripodart.net\/cursos\/wp-json\/wp\/v2\/pages\/50"}],"collection":[{"href":"https:\/\/tripodart.net\/cursos\/wp-json\/wp\/v2\/pages"}],"about":[{"href":"https:\/\/tripodart.net\/cursos\/wp-json\/wp\/v2\/types\/page"}],"author":[{"embeddable":true,"href":"https:\/\/tripodart.net\/cursos\/wp-json\/wp\/v2\/users\/1"}],"replies":[{"embeddable":true,"href":"https:\/\/tripodart.net\/cursos\/wp-json\/wp\/v2\/comments?post=50"}],"version-history":[{"count":56,"href":"https:\/\/tripodart.net\/cursos\/wp-json\/wp\/v2\/pages\/50\/revisions"}],"predecessor-version":[{"id":3425,"href":"https:\/\/tripodart.net\/cursos\/wp-json\/wp\/v2\/pages\/50\/revisions\/3425"}],"wp:featuredmedia":[{"embeddable":true,"href":"https:\/\/tripodart.net\/cursos\/wp-json\/wp\/v2\/media\/1887"}],"wp:attachment":[{"href":"https:\/\/tripodart.net\/cursos\/wp-json\/wp\/v2\/media?parent=50"}],"curies":[{"name":"wp","href":"https:\/\/api.w.org\/{rel}","templated":true}]}}